t r(o) = 16*b(o) + 3*y(o). Let u be 26/12 + (-5)/30. Suppose -2*w = -2*n + 16, n + 1 = -2*n - u*w. Calculate r(n).
2
Let x(i) be the third derivative of -i**6/120 + i**5/6 - 11*i**4/24 - i**3 - 243*i**2. Give x(9).
-24
Let u(g) = -g + 4. Suppose 9*p - 4*p - 3*a = 115, 10 = p + 2*a. Suppose 9*h = 6*h. Suppose h + p = -4*v. Give u(v).
9
Let u(l) = 17*l**2 + l. Let j be u(1). Suppose 0 = 5*y - y + 20, -4*m + 2*y = -j. Let v(f) be the first derivative of -3*f**2/2 - f - 2. Calculate v(m).
-7
Let k(d) = -d**2 - 5*d - 4. Let p be k(-5). Let n(j) = -31*j - 22*j**2 + 9*j + 18*j**2 - j**3 + 15*j + 8*j. Calculate n(p).
-4
Let n(w) = -19 - 17 + 3*w - 15*w**2 + 27*w**2 - 11*w**2. Let d be n(-8). Let l(q) = q**2 - 5*q - 1. What is l(d)?
-5
Let a(f) = -f - 7. Suppose 178 = -38*v - 12. Determine a(v).
-2
Let u(n) = 2*n**2 + 3. Let w(t) = 2*t**2 + t + 3. Let z(d) = -6*u(d) + 5*w(d). Determine z(3).
-6
Let p(w) be the first derivative of w**6/360 - w**5/20 + w**4/12 - 2*w**3/3 - 3. Let i(o) be the third derivative of p(o). Calculate i(5).
-3
Let v(r) = r + 14. Suppose -23*k + 18*k = 5. Let l be -8 + 4/(6/3). Let c be 0/k - l/(-1). Calculate v(c).
8
Suppose -5*z - 3*c = -26 - 11, 2 = -2*z + 3*c. Let a(g) = g**3 - 6*g**2 + 7*g - 5. Let s be a(z). Let v(w) = w**3 - 6*w**2 + 5*w + 1. Give v(s).
1
Let u(m) = 6*m - 65. Suppose -3*j + 39 = n, 0 = -4*j + 3*n + 2*n + 33. What is u(j)?
7
Suppose 15*h = 6*h - 11*h. Let t(z) = z**3 - z + 13. Give t(h).
13
Let w(x) = x**3 + 7*x**2 + 8*x + 4. Let z(f) = f**3 + 10*f**2 + 16*f + 1. Let g be z(-8). Let s be (-4 + 4 + g)*(-2 + -4). Determine w(s).
-8
Let x(d) = -10*d - 35 - 36 - 38 + d**2 - 41 + 160. What is x(7)?
-11
Let v = 330 + -337. Let u(s) = s**3 + 5*s**2 - 7*s + 1. Calculate u(v).
-48
Let v(s) = s**2. Let d(g) = -4*g**2 + 2*g + 2. Let n(c) = d(c) + 6*v(c). Calculate n(-2).
6
Let i(d) = d**2 - 7*d - 1. Suppose -3*p = -8*p + 105. Let r = p - 22. Let h be 24/28*(-7)/r. Give i(h).
-7
Let u(g) be the third derivative of g**3 + 5/24*g**4 - 1/120*g**6 - 17*g**2 + 1/12*g**5 + 0*g + 0. Determine u(6).
0
Suppose -3*l + 3 - 6 = 3*n, -4*n = -4*l + 20. Suppose -3*s = -2*s - l*x - 12, -3*x - 12 = -s. Let f(o) = o - 16. Let g be f(s). Let i(h) = h - 4. What is i(g)?
-8
Let c(p) = -p**2 - p + 13. Let i be c(3). Let o(z) = -3*z + 12 - 7 + i. Determine o(4).
-6
Let p(g) be the second derivative of g**5/30 + g**4/8 - g**3/2 - 11*g**2/2 + 3*g. Let b(z) be the first derivative of p(z). Give b(-4).
17
Let t(u) = -u**2 - 4*u + 5. Let s = -420 + 411. Give t(s).
-40
Let k(w) = w**2 + 22*w + 27. Let h be k(-21). Let v(l) = 2 + 4 + 0*l - 3*l + 2*l. What is v(h)?
0
Suppose 9 = -3*d + 27. Suppose -d*v = -2*v. Suppose v = -8*l + 5*l - 18. Let b(m) = -m**2 - 6*m + 4. Calculate b(l).
4
Let l(c) be the first derivative of -c**7/840 - c**6/180 - c**5/60 - c**4/24 - 10*c**3/3 + 2. Let y(s) be the third derivative of l(s). What is y(-1)?
0
Let n(z) = -z**2 + 5*z + 3. Let l = 183 + -179. Let y be 8/6*6/4. Suppose -d = 4*a - 13, -y*a + 31 = l*d + 7. Calculate n(d).
3
Let h(s) = -s**2 + 0*s**2 + 2*s - 7*s + 10. Suppose 6 = 10*b - 8*b. Suppose 10 - 31 = b*n. Determine h(n).
-4
Let j(m) = -7*m + 10. Let w(i) = 3*i - 5. Let f(l) = 2*j(l) + 5*w(l). Let n be f(0). Let g(u) = -8094 + 3*u - 4*u + 8091. What is g(n)?
2
Let i(l) be the third derivative of -11*l**2 + 1/3*l**3 + 0*l + 1/60*l**6 + 0 + 1/24*l**4 + 1/60*l**5. Give i(-2).
-12
Let z(h) = 2*h + 2. Let d be 0*-1*(-3 + 4). Suppose -q - 3*j - 12 = d, 5*j + 17 - 2 = 0. Let x = -1 - q. Give z(x).
6
Let x be -3*1*(-8)/12. Let z(n) = -n**2 + 6*n - 3. Let v be z(4). Let m(r) = v*r**x - 1 - 7*r**2 + 3. Calculate m(-2).
-6
Let l(i) = -8*i - 1. Suppose -6*g + 3 = -15. Give l(g).
-25
Suppose 2 = 2*i, 5*h - i - 4*i + 85 = 0. Let d = h - -19. Let q(t) = t**2 + 8 - 5*t**2 + d*t**2 + 0. Calculate q(0).
8
Suppose 4*y = 7*z - 3*z + 4, -z = -4*y + 13. Suppose 13 = 5*u + z. Let j(g) = -g - 1 - 4*g + 9*g + g**u. Give j(-5).
4
Let g(p) be the second derivative of -p**4/12 + 2*p**3/3 + 9*p**2/2 - 291*p. Calculate g(7).
-12
Let g(k) = -26 + 29 - 3*k**2 + 2*k**2. Suppose 0 = -3*p - 5*l + 10, -4*p + 3*p - 4 = -2*l. Give g(p).
3
Let j(y) = -y**3 - 7*y**2 + 8*y + 2. Let r(f) = -f**3 + 8*f**2 + 4*f - 2. Let q be r(8). Let c be q/24 + 111/(-12). What is j(c)?
2
Let c be 2/(-1 - (-10)/5). Suppose 5*d + 14 - 1 = k, d = c*k - 17. Let h(j) = -j**2 + 8*j - 1. Calculate h(k).
-1
Let c(q) be the first derivative of -11*q + 7 + 0*q**3 + 1/12*q**4 - 2*q**2. Let d(a) be the first derivative of c(a). What is d(4)?
12
Suppose i - 11 = -7. Suppose 2*s = 0, -5*s = i*l - 2*s - 28. Let c(m) be the first derivative of m**3/3 - 5*m**2/2 - 5*m - 25. Determine c(l).
9
Let j(r) = 10*r**2 - 2*r + 1. Let w = 104 + -103. Determine j(w).
9
Let d(n) = n**2 - 3*n + 6. Let z be 6/(-45) + 235/75. Let j be d(z). Let k(h) = -h**2 + 7*h + 4. Calculate k(j).
10
Let z(u) be the first derivative of 0*u**2 + 7/4*u**4 - u + 2/3*u**3 - 11. Let a = 4 - 5. Calculate z(a).
-6
Let n(p) = p**2 + 3*p + 2. Let y be (-4 + 3)/1*-42. Let z be (-4)/14 - 114/y. Calculate n(z).
2
Suppose -d - 6 = -4*d. Suppose -3*t + 3 = 2*u - 13, d*t = -3*u + 19. Let k(x) = -2*x - 3*x**t - 1 + x**2 + 4*x. What is k(1)?
-1
Suppose -5*x - 5*f = -2*f + 6, 10 = 5*x - 5*f. Suppose 104*h - 102*h - 6 = x. Let q(g) = g**3 - g**2 - 3*g - 2. What is q(h)?
7
Let t(n) = -19*n**2 + 5. Let z(d) = -d**2 + 1. Let j(h) = -t(h) + 4*z(h). Let m = -11 - -16. Suppose s - 4*k + 5 = 0, m*s + 3*k + 4 - 2 = 0. Calculate j(s).
14
Let k(w) = w**3 - 7*w**2 + 7*w - 3. Suppose 16*a - 10*a = 570. Let z = a - 89. Determine k(z).
3
Let o(h) = -3*h**2 - 4*h + 3. Suppose 15*p + 4*d = 11*p - 12, -3*p = 5*d + 7. What is o(p)?
-29
Let m be 14/(-35) + (34 + -20)/(10*1). Let v(t) = 3 - 2 + 2*t + 5*t. Determine v(m).
8
Let i(s) be the first derivative of -s**4/4 - 5*s**3/3 - 5*s**2/2 + s - 7. Let p(n) = n**2 - 3*n - 4. Let q be 3 - (0/2)/1. Let f be p(q). Calculate i(f).
5
Suppose -2*q - 7*z + 10*z = 24, -2*q + 2*z - 28 = 0. Suppose 3*k - 91 - 260 = 0. Let v be q/k + (-228)/39. Let t(w) = -w**3 - 5*w**2 + 7*w + 2. Give t(v).
-4
Let x be 1 + (-19)/21 - 22/231. Let j(n) = n - 13. What is j(x)?
-13
Let c(o) = 12*o + 6. Let d be c(3). Suppose d = -v + 4*v. Let u = -15 + v. Let h(n) = -4*n**3 + n. Give h(u).
3
Let z = 3 - 3. Let w(n) = 73*n + 20. Let h(a) = 9*a + 2. Let t(c) = 8*h(c) - w(c). Determine t(z).
-4
Let q(u) = u**3 + u**2 - u + 2. Suppose -k + 73 = -78. Let b = k + -151. Calculate q(b).
2
Let k(j) = j**3 + j**2 + 4. Suppose 4*r + 285 = 3*m + r, 4*m + 3*r = 394. Let s = m - 100. Determine k(s).
-14
Let z(w) = -w**3 + 3*w**2 + 3*w - 3. Let b be (-2)/(-4)*(-8)/16*-12. Calculate z(b).
6
Let x(f) = 3*f**3 - 3*f**2 - f + 5. Let t(u) = -16*u**3 + 16*u**2 + 4*u - 26. Let q(j) = 2*t(j) + 11*x(j). Let a = -22 - -24. Give q(a).
1
Let d(t) = -t**2 + 7*t + 8. Let v(r) = r**3 + 6*r**2 + 2*r - 12. Let l be v(-5). Suppose 0 = 5*x - l*w - 31, -w + 0*w - 37 = -5*x. Give d(x).
0
Let c be 33/(-2)*8/(-6). Let m = 26 - c. Let w(f) = -3 + 2*f + 2 + 4. Calculate w(m).
11
Suppose a = 4*b - 53, -5*b = a - 34 - 30. Let t(w) = 7*w - 2*w + 3*w - b - w**3 + 6*w**2. Let d be t(7). Let s(q) = 4*q + 4. What is s(d)?
-20
Let k be 2/(((-8)/6)/(-2)). Let b(s) = -s + 7. Let i(r) be the second derivative of -r**3/3 + 5*r**2 - 4*r. Let u(l) = 7*b(l) - 5*i(l). Give u(k).
8
Let f be (-56)/10 + (-14)/35. Let o(j) = j**2 + 7*j + 12. Let d be o(f). Suppose -3*r - d = -a, -a + 2*a + 8 = -4*r. Let i(z) = z**3 + z - 1. Determine i(r).
-11
Let s(x) = 3 - 5 - 6*x**3 - 5*x**2 + 5*x - 3*x**3 + 10*x**3. Give s(4).
2
Let h(f) = 11*f**2 + f. Let i be h(-1). Suppose 3*t + i*t + 4*t = 0. Let n(j) = j**3 - j**2 + 2. What is n(t)?
2
Suppose 2*q = 6*q - 36. Suppose 4*a - 3*a + b = 7, -3*a = -3*b + q. Let p(o) = -6 + a - o**2 + 1 - 4*o + 1. Determine p(-4).
-2
Let b be (6 - 6)/(1 - 2). Let v(r) be the third derivative of 0 - 1/24*r**4 - 2*r**2 + 1/3*r**3 + b*r. Give v(6).
-4
Suppose -10*z + 737 - 697 = 0. Let h(d) be the third derivative of 1/8*d**4 + 0 + 0*d + z*d**2 - 1/6*d**3. What is h(1)?
2
Suppose 34 = -5*o + u, o - 47 = u - 61. Let l(b) = -b**2. Let t(z) = z - 1. Let x(i) = l(i) - t(i). What is x(o)?
-19
Let q(a) = a**3 - 3*a**2 + 4*a - 1. Let m be (-9)/6*-2 + -9 + 9. Give q(m).
11
Le